2100 - 11?
2012
In base 15, what is 5d - -2?
60
In base 15, what is 25 - -2?
27
In base 13, what is -22 + -16?
-38
In base 13, what is 3 + a85?
a88
In base 5, what is -4 - 124?
-133
In base 10, what is 106 + -15?
91
In base 5, what is -3 + 341?
333
In base 13, what is -5 + -8a?
-92
In base 11, what is 67 - -111?
178
In base 2, what is 110101 + 1000?
111101
In base 3, what is 10121 + 1111?
12002
In base 6, what is 151314 - 3?
151311
In base 15, what is -3 - -5e8?
5e5
In base 8, what is 5675 + 6?
5703
In base 6, what is 4 - -152?
200
In base 2, what is 11 + -111?
-100
In base 6, what is 403 + -25?
334
In base 16, what is 5 - -8e?
93
In base 7, what is -10235 - 2?
-10240
In base 8, what is -1 + 0?
-1
In base 8, what is -1 + 0?
-1
In base 11, what is -4 + 105?
101
In base 4, what is -3 - 1111?
-1120
In base 3, what is 1012 + 111100?
112112
In base 4, what is 32 - 21?
11
In base 16, what is 72 - -2?
74
In base 3, what is -102201 - 0?
-102201
In base 13, what is -5 - b8?
-c0
In base 7, what is 5 + 300?
305
In base 15, what is -3 + -e3?
-e6
In base 15, what is -942 - 3?
-945
In base 15, what is -3 + -6da?
-6dd
In base 16, what is 15 + 7e?
93
In base 16, what is -f - -1f?
10
In base 15, what is 1 - 4b?
-4a
In base 12, what is 2 - 63b?
-639
In base 4, what is 130003 + -1?
130002
In base 13, what is 3 + -772?
-76c
In base 13, what is 28 + 114?
13c
In base 14, what is -9 + -41c?
-427
In base 11, what is -52 + -1a?
-71
In base 13, what is -61 - 2?
-63
In base 2, what is -1010001100 + 101?
-1010000111
In base 3, what is 11 - 10112?
-10101
In base 6, what is -5 - -435?
430
In base 2, what is -100110111010 - -10?
-100110111000
In base 2, what is 1000001001 + 10110?
1000011111
In base 13, what is 196 - 6?
190
In base 14, what is 260 - 2?
25c
In base 10, what is -9 - -189?
180
In base 16, what is -1b + -109?
-124
In base 2, what is -100010000 - 10000?
-100100000
In base 10, what is -16 - 130?
-146
In base 14, what is 89 + -50?
39
In base 10, what is 4 - -1?
5
In base 3, what is 21 + -20102?
-20011
In base 11, what is 16 + -144?
-129
In base 12, what is -1691 - -1?
-1690
In base 4, what is 10 + -132?
-122
In base 11, what is 5 - -418?
422
In base 12, what is b - 15?
-6
In base 3, what is 220 + 12120?
20110
In base 6, what is 0 + -1221?
-1221
In base 15, what is -1 - 5?
-6
In base 9, what is 2 + 17?
20
In base 8, what is -31 + -4?
-35
In base 5, what is 3 + 23341?
23344
In base 4, what is -331 + -2?
-333
In base 9, what is 3 - 187?
-184
In base 13, what is 94 - 5?
8c
In base 5, what is -21340 - 3?
-21343
In base 8, what is 2 + -13?
-11
In base 5, what is 1 - 20214?
-20213
In base 16, what is 196 - -3?
199
In base 11, what is -25 + -8a?
-104
In base 15, what is 63 + -4?
5e
In base 7, what is -3 - -20155?
20152
In base 16, what is 18bb - -3?
18be
In base 2, what is 10000001011101 + 10?
10000001011111
In base 15, what is 37a - 2?
378
In base 10, what is 11 - 29?
-18
In base 14, what is 886 + -3?
883
In base 3, what is 1221111 - -11?
1221122
In base 8, what is -11 - 22?
-33
In base 3, what is 110 + 0?
110
In base 5, what is 10 - 143?
-133
In base 4, what is 11 - 1012?
-1001
In base 13, what is 5 - c?
-7
In base 14, what is 5 + -1dd?
-1d8
In base 4, what is 31121 + -3?
31112
In base 4, what is 112 - 101?
11
In base 2, what is -1100011 + 100100?
-111111
In base 15, what is 5 - -6?
b
In base 8, what is 7726 + -4?
7722
In base 2, what is 11011 + 10100001?
10111100
In base 4, what is -111 + 0?
-111
In base 14, what is -120 + -26?
-146
In base 3, what is -11212 - -12?
-11200
In base 4, what is -1111 + -313?
-2030
In base 5, what is 134333 - -2?
134340
In base 8, what is -467 - 7?
-476
In base 5, what is 1000301 + -1?
1000300
In base 10, what is 8760 - 3?
8757
In base 5, what is -1133 - 11?
-1144
In base 10, what is 181 + 33?
214
In base 15, what is 16 + -62e?
-618
In base 2, what is -11 - 111101?
-1000000
In base 3, what is -12 - -120?
101
In base 5, what is -10 - 3330?
-3340
In base 13, what is -6c - 4?
-73
In base 5, what is 10442 - 4?
10433
In base 7, what is 103 + -6?
64
In base 12, what is -53 - -8a?
37
In base 5, what is -144 - -3?
-141
In base 4, what is -31 - 122?
-213
In base 6, what is -4140 - -10?
-4130
In base 10, what is 448 - -2?
450
In base 4, what is 33 + -3?
30
In base 12, what is -25 - 5?
-2a
In base 9, what is -27 - 146?
-174
In base 7, what is -244 - 60?
-334
In base 6, what is -13 - -2132?
2115
In base 12, what is -745 + 0?
-745
In base 5, what is -1003 - 0?
-1003
In base 14, what is -3 + -10b3?
-10b6
In base 12, what is -a8b - -2?
-a89
In base 15, what is -442b - -4?
-4427
In base 10, what is -388 - 4?
-392
In base 11, what is 142 - 16?
127
In base 4, what is 1011 - 331?
20
In base 15, what is 0 - 2bc8?
-2bc8
In base 14, what is 8 + 5b3?
5bb
In base 3, what is -12111110 + 12?
-12111021
In base 7, what is -15 - 664?
-1012
In base 7, what is 111 + -2?
106
In base 15, what is 29 + -28?
1
In base 14, what is -59 - -18?
-41
In base 16, what is 1d2 + 1?
1d3
In base 11, what is -a2 - -2?
-a0
In base 13, what is -221 - -1?
-220
In base 4, what is -30332 - 10?
-31002
In base 5, what is 1124 + 2?
1131
In base 7, what is 360 - 1?
356
In base 15, what is 34 + -21?
13
In base 4, what is -3 - 1011?
-1020
In base 6, what is 0 - 151?
-151
In base 9, what is -220 - 1?
-221
In base 10, what is 481 - 24?
457
In base 12, what is 119 + -2?
117
In base 11, what is 4 + 11?
15
In base 5, what is -141 + -4?
-200
In base 9, what is -140 - -4?
-135
In base 5, what is -2304 + -2?
-2311
In base 9, what is 2507 + 2?
2510
In base 10, what is 204 + -6?
198
In base 14, what is -107 - 0?
-107
In base 7, what is -2 - -3216?
3214
In base 3, what is -11 + 120012?
120001
In base 15, what is -5 + 36?
31
In base 11, what is -1a3 - 0?
-1a3
In base 15, what is 2c - -4?
31
In base 6, what is -11 - 3?
-14
In base 4, what is 213 - 2123?
-1310
In base 2, what is 10 + 1010010010000?
1010010010010
In base 3, what is 0 + -121121?
-121121
In base 4, what is 102 - -20222?
20330
In base 8, what is -6 + -34?
-42
In base 12, what is 19 - 7?
12
In base 11, what is 4 - 579?
-575
In base 15, what is 8 + -9?
-1
In base 11, what is 2 - 59?
-57
In base 13, what is -4 + -1916?
-191a
In base 9, what is 262 + -1?
261
In base 15, what is 187 - 2?
185
In base 7, what is 14 - -1005?
1022
In base 2, what is 10100001100111 - -100?
10100001101011
In base 8, what is -5 + -243?
-250
In base 11, what is 76 - 9?
68
In base 12, what is 2a4 + -5?
29b
In base 5, what is 1 + -201?
-200
In base 15, what is -5 - 57?
-5c
In base 11, what is 5 + 25?
2a
In base 11, what is 2 + -47?
-45
In base 12, what is 11 + 6?
17
In base 7, what is 265 - -3?
301
In base 13, what is -13 + 5?
-b
In base 5, what is 420 - -3?
423
In base 11, what is 4531 + 5?
4536
In base 10, what is 57 + 71?
128
In base 2, what is -10101 + 10100?
-1
In base 15, what is 0 - -4e?
4e
In base 8, what is -5 - 143?
-150
In base 8, what is -11 - 44?
-55
In base 6, what is 43050 + 3?
43053
In base 4, what is -13202 + -3?
-13211
In base 4, what is -3 - 10?
-13
In base 8, what is -4 + -406?
-412
In base 4, what is 212 - 313?
-101
In base 10, what is 2 - 82?
-80
In base 6, what is 1433 + -12?
1421
In base 9, what is 605 - 0?
605
In base 7, what is -5 - 21135?
-21143
In base 14, what is 5 - 2087?
-2082
In base 13, what is 0 + -2544?
-2544
In base 10, what is 5 - 2234?
-2229
In base 2, what is -11 - 1101001?
-1101100
In base 7, what is 1054 + 2?
1056
In base 9, what is 1770 + -4?
1765
In base 2, what is -1000011000 + 11?
-1000010101
In base 10, what is 217 - -52?
269
In base 5, what is -2 - 124003?
-124010
In base 6, what is -5 - -4415?
4410
In base 15, what is -7e7 - 5?
-7ec
In base 2, what is 10 + 11000000?
11000010
In base 5, what is -1324 - 2?
-1331
In base 15, what is 1 - -29?
2a
In base 5, what is -33 + -233?
-321
In base 4, what is 330 - 333?
-3
In base 12, what is -910 - -2?
-90a
In base 6, what is -1322 + 5?
-1313
In base 6, what is 3 - -5?
12
In base 3, what is 2 + -1120001?
-1112222
In base 12, what is a5 - 3?
a2
In base 4, what is -22 + -3?
-31
In base 5, what is -33 - 440?
-1023
In base 16, what is 95 - 2?
93
In base 3, what is 1111002 - -111?
1111120
In base 15, what is -5 + 182?
17c
In base 11, what is -1aa8 + 10?
-1a98
In base 7, what is -405 + 3?
-402
In 